59509720 and 1240?
40
Calculate the highest common factor of 6917458 and 97.
97
What is the highest common factor of 41658 and 2865756?
786
Calculate the greatest common factor of 14708952 and 3240.
648
What is the highest common divisor of 204292970 and 1330?
70
What is the greatest common factor of 52266 and 2910036?
1686
What is the greatest common divisor of 120 and 3069240?
120
What is the greatest common divisor of 58945 and 2220?
5
What is the highest common factor of 22606 and 328930?
254
What is the greatest common factor of 192 and 3327852?
12
Calculate the greatest common factor of 4503 and 18444288.
4503
Calculate the greatest common factor of 3410 and 5741395.
55
What is the greatest common divisor of 3008075 and 350?
175
What is the highest common divisor of 15010 and 678148798?
3002
Calculate the highest common divisor of 165 and 2637305.
55
Calculate the greatest common divisor of 1131948 and 198.
18
What is the greatest common divisor of 480 and 104312784?
48
Calculate the highest common divisor of 13856290 and 20.
10
What is the highest common factor of 2162 and 1960558?
94
Calculate the highest common divisor of 39 and 14896758.
3
Calculate the highest common factor of 73758473 and 1354.
677
Calculate the highest common factor of 6194 and 187758.
38
Calculate the greatest common divisor of 3574280 and 7063906.
9406
Calculate the greatest common divisor of 32522920 and 16928.
4232
What is the greatest common divisor of 13 and 12136631?
13
What is the highest common factor of 113832 and 144801?
837
Calculate the highest common divisor of 1554 and 145453623.
777
Calculate the highest common factor of 3941 and 382596784.
563
Calculate the highest common divisor of 726 and 2820466.
22
Calculate the greatest common divisor of 2196 and 165305364.
732
What is the greatest common divisor of 213531118 and 928?
58
Calculate the greatest common factor of 377 and 341680465.
29
Calculate the greatest common divisor of 1042 and 283104.
2
Calculate the greatest common factor of 5691 and 234499552.
1897
What is the greatest common divisor of 207 and 79264647?
207
Calculate the greatest common factor of 15464964 and 4.
4
What is the greatest common factor of 21181 and 6722993?
359
Calculate the highest common factor of 343 and 36514163.
49
Calculate the highest common factor of 66211936 and 168.
56
Calculate the greatest common factor of 255976 and 292040.
392
What is the greatest common factor of 5930110 and 1054?
34
What is the greatest common divisor of 6250744 and 936?
8
Calculate the greatest common factor of 1469400 and 496.
248
What is the greatest common factor of 6349 and 947674?
7
Calculate the highest common divisor of 1768 and 898222.
26
What is the highest common divisor of 1717924 and 28?
4
Calculate the greatest common factor of 567 and 635985.
189
What is the greatest common factor of 1146 and 62219778?
1146
Calculate the highest common divisor of 52 and 1148641.
13
Calculate the greatest common divisor of 299563 and 211357.
241
What is the greatest common divisor of 7875 and 7967925?
1575
Calculate the highest common divisor of 10 and 17525155.
5
Calculate the greatest common factor of 443016 and 46062.
54
What is the highest common divisor of 215 and 5976054?
43
Calculate the highest common divisor of 536228 and 803.
11
What is the highest common factor of 79343317 and 967?
967
What is the greatest common factor of 303707090 and 410?
410
Calculate the greatest common divisor of 332678073 and 663.
39
Calculate the highest common factor of 17030 and 1296245.
655
Calculate the highest common factor of 10131772 and 16310.
3262
What is the highest common factor of 4420 and 521377675?
1105
Calculate the highest common factor of 9560 and 6760.
40
What is the greatest common divisor of 254771442 and 18?
18
What is the greatest common divisor of 7059844 and 308?
44
Calculate the greatest common divisor of 8905 and 9150.
5
What is the highest common divisor of 2010 and 971937510?
2010
What is the greatest common divisor of 269335 and 1379125?
3245
Calculate the highest common divisor of 339852449 and 19.
19
Calculate the greatest common divisor of 45450961 and 7886.
3943
Calculate the greatest common divisor of 568 and 2713808.
8
What is the highest common divisor of 67410 and 58008?
6
Calculate the highest common factor of 12886165 and 249.
83
What is the greatest common factor of 30 and 373515?
15
Calculate the greatest common factor of 4956 and 174637050.
2478
What is the highest common divisor of 12788 and 61249?
23
Calculate the highest common factor of 16258 and 4358622.
1478
What is the highest common factor of 2139 and 3784604?
713
What is the greatest common divisor of 108133 and 844687?
71
What is the highest common divisor of 656 and 7003251?
41
Calculate the highest common divisor of 42786928 and 2848.
1424
What is the highest common factor of 19529375 and 2875?
125
Calculate the highest common factor of 926400 and 10240.
320
What is the highest common factor of 2456 and 18715948?
1228
What is the highest common divisor of 269806 and 36308?
626
What is the greatest common factor of 4411356 and 2076?
12
Calculate the greatest common factor of 163322806 and 2.
2
Calculate the greatest common divisor of 642 and 2147128554.
642
What is the highest common divisor of 2023 and 85682737?
119
Calculate the greatest common factor of 56230287 and 1707.
1707
Calculate the greatest common divisor of 1310190 and 5872.
734
Calculate the highest common divisor of 2361603 and 344.
43
Calculate the highest common factor of 10 and 2822485.
5
Calculate the greatest common factor of 2760 and 1168515.
345
Calculate the highest common factor of 1322092 and 3129157.
3089
Calculate the highest common factor of 309228174 and 36.
18
What is the greatest common factor of 46662224 and 28?
28
What is the highest common factor of 550857074 and 398?
398
What is the highest common divisor of 190 and 17341946?
38
Calculate the greatest common divisor of 47615191 and 26975.
1079
What is the highest common factor of 288 and 70917408?
288
What is the highest common divisor of 470 and 366612455?
235
Calculate the highest common factor of 100990584 and 180.
36
Calculate the greatest common factor of 102711398 and 1047.
349
What is the greatest common divisor of 717765406 and 366?
122
What is the greatest common factor of 55093 and 8012309?
1489
Calculate the greatest common divisor of 1258 and 43677131.
629
What is the highest common factor of 1041503 and 33153?
43
Calculate the greatest common factor of 95368512 and 48.
48
Calculate the greatest common divisor of 827 and 188212795.
827
Calculate the greatest common factor of 114202 and 60784.
58
Calculate the highest common factor of 3416304 and 16.
16
Calculate the greatest common factor of 2078440 and 1742.
26
Calculate the highest common divisor of 8484 and 73427.
101
What is the greatest common factor of 225120 and 9709728?
672
Calculate the greatest common factor of 25614 and 333954.
18
Calculate the highest common factor of 374971 and 1680257.
569
What is the greatest common factor of 441005 and 8904645?
2285
Calculate the greatest common divisor of 297 and 3191313.
3
Calculate the highest common divisor of 129903299 and 31.
31
What is the highest common divisor of 2674 and 22918?
14
What is the highest common divisor of 18824 and 7258824?
1448
What is the highest common divisor of 405910406 and 13926?
4642
What is the greatest common divisor of 11410 and 492660?
70
What is the greatest common divisor of 253 and 5353667?
11
Calculate the greatest common divisor of 1728 and 7721856.
576
Calculate the greatest common divisor of 100 and 15265290.
10
Calculate the highest common factor of 10058 and 6651334.
214
Calculate the highest common factor of 109920 and 9312.
96
What is the highest common divisor of 112453 and 176?
11
What is the highest common divisor of 4811136 and 31088?
1072
What is the highest common divisor of 6576 and 263856?
48
What is the highest common divisor of 406 and 94727262?
14
What is the greatest common factor of 6279 and 982698?
69
Calculate the highest common divisor of 62969159 and 44.
11
Calculate the greatest common divisor of 59727509 and 1332.
37
Calculate the highest com